*s - s**2 + 17*s - 9. Let f(q) = q + 1. Let o be f(-3). Let a be (-1)/o - (-30)/(-12). Calculate n(a).
-13
Let s(z) = 2*z**3 - z**2 - 10*z + 7. Let r(m) = 19*m - 2055. Let o be r(108). What is s(o)?
-26
Let q(n) = n - 3. Let y be q(5). Suppose w + 1 = 0, 8 = -148*z + 152*z + 4*w. Let j(a) = z + 5 + 2*a**y - 8. Calculate j(-3).
18
Let o be 228/44 + -5 + 3408/11. Let j = 302 - o. Let x(h) = -h**3 - 6*h**2 + 17*h + 12. Give x(j).
4
Suppose w - 4*f = -2, -5*w - 3*f - 16 - 17 = 0. Let u(p) = 2*p**2 - 7*p + 10. Let r(k) = -k**2 + 6*k - 10. Let a(s) = -3*r(s) - 2*u(s). Give a(w).
-2
Let p(o) be the second derivative of 1/2*o**2 + 2*o + 1/10*o**5 + 1/6*o**4 + 1/6*o**3 + 0. Let v be 3 + 15 + -11 + -9. Give p(v).
-9
Let l(p) = -3*p**2 - p. Let c be (-2)/(-1)*(-3)/6 - 3. Let w be 67/13 + (24/39)/c. Suppose -3*z + 3*b - 7 = -2*z, 3*z - b + w = 0. What is l(z)?
-2
Let y(j) = 21*j**3 + 3*j**3 + 1 - 2*j**2 - 16*j**3 + j**2. Let x be 177/21 - (-12)/21. Suppose -4*n - 5 = -x*n. What is y(n)?
8
Suppose -101*o = -106*o + 15. Let f(p) = p**2 + 12 + o*p**2 - 6*p - 3*p**2 - 5*p. What is f(8)?
-12
Let c(a) = -a - 1. Let b be c(1). Let f(q) = q**2 - 8. Let u be (-4)/4 + (-35)/(-5). Let t(p) = 3*p**2 - 23. Let d(k) = u*t(k) - 17*f(k). Give d(b).
2
Let o(x) = -x**3 - 6*x**2 - 5*x + 3. Let n(p) be the first derivative of p**4 - 2*p**3/3 + 5*p**2/2 + 7*p + 14. Let t be n(-1). Determine o(t).
-9
Let r(j) = 2*j**3 + 4*j**2 + 5*j + 19. Suppose 3*d = 5*o - 3 - 16, 4*d = -5*o - 2. Determine r(d).
-14
Let r(n) = 11*n**2 + 5 + 7*n - 34*n**2 + 19*n**2. What is r(-2)?
-25
Let y(j) be the third derivative of 0*j + 1/6*j**3 + 1/40*j**6 + 214*j**2 - 1/60*j**5 + 0 - 1/24*j**4. Let u be (2/(-4))/(2/(-4)). Calculate y(u).
2
Let a(k) = -130 - 9*k - 3*k**2 + 213 + k**2 - 81 - 3*k**2. Give a(-4).
-42
Let i(m) = 2*m**3 - 7*m**2 - 3*m + 5. Let d = -2491 - -2496. What is i(d)?
65
Let d(a) = -a**3 + 6*a**2 - 3*a. Let h be d(5). Let s(b) = 383*b - 393*b - 6171 + b**2 + 6161. Give s(h).
-10
Let m(h) = -17*h**2 - 28*h + 11. Let d(t) = 6*t**2 + 10*t - 4. Let i(p) = 14*d(p) + 5*m(p). Let y be -6 + (-2 + 2 - -1). Calculate i(y).
-26
Let x be ((-5)/(-3))/((-13)/(-4 + -35)). Let k(c) = 6*c**2 - 12*c + 6. Let y(s) = -s**2 + s - 1. Let l(n) = k(n) + 5*y(n). Calculate l(x).
-9
Let d(r) be the third derivative of -r**6/40 + r**5/20 + r**4/8 + 5*r**3/6 + 9942*r**2. Give d(-2).
35
Let r(d) = 107*d - 37*d - 10 - 25*d. Calculate r(-3).
-145
Let d(h) = -15*h. Let w be d(1). Let g be 39/65 - (-129)/w. Let j(z) = -z + 8. Determine j(g).
16
Let x(s) = s**3 + 2*s**2 + 2*s. Suppose 4*y + 41 = 5*f, 6*y - 3*f = 9*y - 3. Let b be (-4)/2 - (-1 - y - 2). Determine x(b).
-15
Let w be -6*((-99)/(-220)*-2)/((-6)/10). Let o(f) be the third derivative of -f**5/60 - 3*f**4/8 - f**3/3 - 2*f**2. What is o(w)?
-2
Let h(o) = o**3 + 10*o**2 + 9*o + 2. Let u be h(-9). Suppose -r + 3 = -u*r. Let p(a) = -5*a. Give p(r).
15
Let n(a) = 2*a + 1. Let b(v) be the second derivative of 7*v + 0 + 0*v**2 + 1/6*v**3. Let p(i) = 5*b(i) + n(i). Give p(2).
15
Let b(a) = 4*a**2 - 1. Let j be b(1). Let m(v) = 146*v - 4. Let l(w) = -132*w + 4. Let u(q) = 10*l(q) + 9*m(q). Give u(j).
-14
Let p(d) = -7*d**3 - 16*d**2 + 48*d - 4. Let m(s) = 2*s**3 + 5*s**2 - 15*s + 1. Let v(o) = 13*m(o) + 4*p(o). What is v(-2)?
23
Let r = -12 + 19. Let o(g) = 2*g - 3*g - r*g. Let p be (-10)/(-6)*2793/4655. Give o(p).
-8
Let s(f) be the third derivative of -f**4/3 - f**3/6 + 3*f**2 + 3*f. Determine s(6).
-49
Suppose -8*s = 4*s - 1884. Let y = s - 151. Let v(g) = -g + 9. Determine v(y).
3
Suppose -2*y + 12 = f, 20*f + 14 = 2*y + 22*f. Let r(b) be the third derivative of -b**6/120 + b**5/12 + b**4/4 - 5*b**3/6 + b**2. What is r(y)?
25
Suppose -x + 2*x + 4*b = 17, -17*b + 67 = 5*x. Let d(q) = q**3 + 5*q**2 - 10*q + 2. Give d(x).
-26
Let b(t) be the first derivative of -t**4/4 + 19*t**3/3 - t**2 + 46*t + 72. Give b(19).
8
Let t(x) be the second derivative of -5*x**3/2 + 75*x**2/2 - 11*x - 9. What is t(5)?
0
Let z(d) = -17*d**3 - 4*d**2 + 93*d - 201. Let b(a) = 7*a**3 + 2*a**2 - 38*a + 81. Let m(q) = -12*b(q) - 5*z(q). Give m(4).
-3
Let p be 0 + (8 - (27/9 + 2)). Let b(q) = q**2 - 24*q + 64. Give b(p).
1
Let x be -47 + -9 - (-10 - 18). Let k(o) = 5*o**2 + 140*o - 1. What is k(x)?
-1
Let a(v) = 3*v**3 + 32*v**2 - 5*v + 71. Let n(u) = -u**3 - 10*u**2 + 2*u - 25. Let j(k) = -4*a(k) - 13*n(k). Give j(-5).
-4
Let x = -139 - -160. Let v be (-195)/x - 10/(-35). Let i(d) = d + 5. What is i(v)?
-4
Let p(a) = 202 - 206 + a + 2*a**2 - 2*a + 2*a. Determine p(3).
17
Let t be 5 + 4/9 + (-1403)/(-549). Let q(h) be the third derivative of t*h**2 + 0*h - 1/12*h**4 + 1/3*h**3 + 0. Give q(6).
-10
Let f be 1/((-10)/(-15) + 3/(-9)). Suppose 30 = -f*t + 8*t. Let n(w) = w**2 - 5*w + 3. Calculate n(t).
9
Let c(o) = o**2 + o - 4. Let h = 48 + 6. Let k = 57 - h. Suppose 3*i = 2*x - 12, 5*i - k*i = x - 7. What is c(x)?
8
Let u(n) be the first derivative of n**7/840 - n**6/360 - 7*n**4/24 - 4*n**3/3 + n**2 + 35. Let f(s) be the third derivative of u(s). Calculate f(0).
-7
Let z(k) = 5*k**2 + 7*k + 6. Let g(w) = -7*w**2 - 7*w - 5. Let d = 38 - 41. Let p(n) = d*g(n) - 4*z(n). Calculate p(9).
9
Let z be (((-15)/4)/(6/(-4)))/(1180/2832). Let r(u) = u**2 + 2*u - 14. Give r(z).
34
Suppose -119 + 42 = 7*m - 42. Let s(g) = -g**3 - 9*g**2 + 4*g + 6. Determine s(m).
-114
Let g(z) be the first derivative of z**3/6 + 5*z**2/2 + z + 1. Let l(c) be the first derivative of g(c). Let x = -25780 - -25784. Calculate l(x).
9
Let u(x) = -x - 6. Let p(n) = -2*n - 1. Let z(a) = -11*p(a) + 6*u(a). Give z(1).
-9
Let v be (-7)/(-1*(-1)/1). Suppose 96 = 2*x + 76. Let w(z) = -z - x - 4*z + 5*z**2 - 12*z**2 - z**3 + 6*z. Calculate w(v).
-17
Let z(u) be the second derivative of -u**5/20 + u**4/3 - 2*u**3/3 - u**2/2 + 627*u - 2. Let y(d) = -d**2 - 6*d - 2. Let r be y(-5). What is z(r)?
-4
Let a be (9/(-18))/((-95)/(-48) + -2). Let j(f) = -14 + a*f + 2 + 11. Determine j(2).
47
Let s(m) = -m**2 - 451*m - 4838. Let a be s(-11). Let v(f) = 8*f + 12. Determine v(a).
28
Suppose 11*w - 952 = 28*w. Let b = w + 53. Let n(m) = -m**3 - 1. Let d(g) = -2*g**3 - g**2 + g - 2. Let p(h) = d(h) - n(h). Calculate p(b).
14
Let m(c) = 78*c + 88. Let r be m(-5). Let p = r + 304. Let z(y) = -2*y**2 + 3*y - 1. Calculate z(p).
-3
Let z(a) be the second derivative of a**5/20 + a**3/6 - 3*a**2 + 11395*a. Give z(-3).
-36
Let y(j) = j**3 - 14*j**2 + 8*j + 29. Let w(o) = 17*o + 200. Let m be w(-11). Determine y(m).
-36
Let g(o) = o - 3. Let a(p) = -3*p + 6. Let b(d) = a(d) + 2*g(d). Suppose 13*c = 15*c - 12. Calculate b(c).
-6
Let y(l) be the first derivative of -l**3/3 - 3*l**2/2 + 4*l - 5. Suppose 5 = -5*k - 15. Determine y(k).
0
Let c(o) be the third derivative of o**5/12 + 5*o**4/12 - 7*o**3/2 - o**2 - 4*o - 72. Determine c(2).
19
Let u be (2 - 3)*((-3 - -19) + -12). Let v(x) = 2*x**3 + 6*x**2 + 8*x - 2. Let r(s) = 1 + 4*s - s**2 - 5*s + 0*s. Let q(w) = u*r(w) - v(w). What is q(-2)?
14
Let l(d) = -d**2 + 11*d**2 - 2*d**2 - d**3 - 9 - 4*d**2. Determine l(4).
-9
Let s(u) = -3*u**2 - 6*u - 5. Suppose 19*q - 73 = 22. Suppose -n - q = -1. Give s(n).
-29
Let v(n) = -9*n**2 + 32*n + 84. Let s(p) = -7*p**2 + 30*p + 86. Let a(h) = -5*s(h) + 4*v(h). Determine a(-6).
2
Let g(q) = -q**3 + 3*q**2 + 5*q - 5. Let j = -628 + 361. Let w = j - -271. What is g(w)?
-1
Let r be 33/4 + -25 + (-1782)/(-72). Let o(i) = 3*i**3 + 21*i**2 - 8. Let k(z) = z**3 + 10*z**2 - 4. Let q(j) = -5*k(j) + 2*o(j). Determine q(r).
4
Let t(d) = 7*d - 21. Let k(p) = -12*p + 46. Let v(g) = 3*k(g) + 5*t(g). Calculate v(0).
33
Let q(x) be the second derivative of -x**3/6 - 3*x**2 - 91*x - 2. Suppose -3*h = -d + 3, d + 15 = 5*h + 6*d. Give q(h).
-6
Let b(k) be the third derivative of -k**6/60 - 2*k**5/15 - k**4/24 - 377*k**2 + 4*k. Calculate b(-5).
55
Let c(h) = h**2 + 2*h + 3. Let z be c(-2). Let u be -3 + 2/(-7*6/(-63)). Let l(g) = u + 1 + 0 - 18*g + 21*g - 4. Give l(z).
6
Let a(n) = 313*n**3 - 8*n + 4*n**2 - 8 - 658*n**3 + 346*n**3. Give a(-5).
7
Suppose -5*k - 5 = -4*s, 4 - 11 = k - 2*s. Let d(o) = k*o**2 - 2*o**2 - o - 9*o - 8*o - 14. Let m be d(19). Let a(i) = -i**2 + 6*i - 6. Give a(m).
-1
Let i(k) = -k**3 - 7*k**2 - 2*k + 12. Let u(r) = 2*r**3 + 13*r**2 + 5*r - 29. Let l(v) = -13*i(v) - 